he prime factors of ((-69)/(-7) + -3)*7*u?
2, 3
Suppose -12 = -8*v + 28. Suppose 445 + 500 = -v*t. Let h = 308 + t. What are the prime factors of h?
7, 17
Suppose -15*u + 9*u = 11*u - 29665. List the prime factors of u.
5, 349
Suppose 3*x + 4*m = 9 - 2, -m - 27 = -5*x. Suppose -q + 287 = -5*o, -x*q - 5*o = -1031 - 524. List the prime factors of q.
307
Suppose 74*o = 77*o + 123. Let r = 33 + o. List the prime factors of (-5)/((-20)/r) - -5 - -155.
2, 79
Let t(w) = -18*w + 15. Let p(h) = 19*h - 16. Let q(a) = -4*p(a) - 5*t(a). Suppose 57*x - 163 = -15 + 23. List the prime factors of q(x).
31
Let o = -1 - -6. Suppose -f = 0, 6*k - o*f + 10 = k. List the prime factors of (-1)/(k/(-6)) + (48 - 10).
5, 7
Suppose 2*l - 2 = -2*a - 0*l, 0 = -a + 4*l - 14. Let m = -63 + 156. Let t = m - a. List the prime factors of t.
5, 19
Let y(z) = -281*z + 169*z - 162 + 163*z - 178. What are the prime factors of y(12)?
2, 17
Suppose 120 = -6*y + 30*y. Suppose 0 = 4*p - 4*b - 2356, -2*b = -2*p - y*b + 1188. List the prime factors of p.
3, 197
Suppose -5*t + 39040 = 4*b, 2*b - 19514 = 3*t - 7*t. What are the prime factors of b?
3, 5, 7, 31
Let p(s) = -s + 97. Suppose 14 = -6*y + 44. List the prime factors of p(y).
2, 23
Let z(r) = -6350*r + 363. List the prime factors of z(-4).
25763
Let d(o) = -7*o - 4. Let x be d(-6). Suppose -15*p - 4*p + 285 = 0. Let t = p + x. What are the prime factors of t?
53
Suppose 0 = 3*j + 15, -o + 4 = -2*j + 3*j. Suppose 0 = -18*x + x - 68. What are the prime factors of ((o + x)/(-5))/(1/(-23))?
23
Suppose 142641 = 13*n + 14*n. List the prime factors of n.
3, 587
Let t be -130*(-2)/16 - 1/4. Let v(d) = 25*d + 96. What are the prime factors of v(t)?
2, 31
Let h(u) = -217*u - 25. Let w be h(-1). Let v be (-1)/5 + 2/10. Let q = w - v. List the prime factors of q.
2, 3
Let y = 18124 - 6625. List the prime factors of y.
3, 3833
Suppose 1861 = 4*h + 737. Let d = -199 + h. Suppose -5*b - d = -0*o - o, -5*o + 3*b = -344. List the prime factors of o.
67
Suppose -4*k - 24 = 4*k. Let d(o) = -8*o + 41. Let x(p) = -8*p + 40. Let s(g) = k*x(g) + 2*d(g). List the prime factors of s(7).
2, 3
Let u(h) = 680*h**2 - 10*h + 4. Let b be u(-2). Suppose 0 = -506*o + 510*o - b. List the prime factors of o.
2, 7
Suppose -2*n = 3*n - 5*u - 605, -n = -4*u - 112. Suppose 2*c = -2*c + n. Suppose c = 2*o + 5*a, 8*a - 19 = 2*o + 3*a. List the prime factors of o.
3
Let d = -3815 - -3820. Suppose 41 = 4*j + 4*o + 9, 0 = 2*j + 3*o - 21. Suppose -3*k = -j*x - 615, -5*k - d*x + 150 = -845. What are the prime factors of k?
2, 101
Suppose -r - 20970 = -5*u + 21455, -6*u + 50899 = r. What are the prime factors of u?
2, 3, 7, 101
Let p = 1815 - -4756. List the prime factors of p.
6571
What are the prime factors of 1/(3/5 + (-906710)/1511475)?
3, 2879
Let v be 4 + (-5 + 3 - 20). Let b = v - -17. What are the prime factors of 164 - b/(3*(-3)/(-18))?
2, 83
Let z(r) be the first derivative of -5*r**4/4 - 5*r**3/3 - r**2/2 + 14*r - 24. Let b be z(-7). Suppose -10*m + b = -3*m. List the prime factors of m.
3, 71
Suppose -493*i + 23207526 = -82*i. List the prime factors of i.
2, 3, 3137
Suppose -230*q - 51760 = -238*q. What are the prime factors of q?
2, 5, 647
Let y(r) be the first derivative of -r**3/3 - 5*r**2/2 + 3*r - 2. Let t be y(-4). Let b = t + 28. What are the prime factors of b?
5, 7
Let d(j) = -4*j - 16. Let k(l) = -2*l + 8. Let i be k(6). Let w be d(i). Suppose -2*m = -w*m - 2*f, -3*m - 2*f = -10. What are the prime factors of m?
2
Suppose 294 = 4*c - 2*b, -21 = 2*c + 5*b - 150. Suppose 70 = p + c. List the prime factors of 2/6 + p*56/(-6).
19
Let s(m) = -10*m - 5. Let h be s(9). Let u = h - -43. What are the prime factors of (-2)/(-8) - 4667/u?
2, 3, 5
Let p = 4491 - -39264. List the prime factors of p.
3, 5, 2917
Suppose -2*n = -4*w + 36882, -4*n = 3*w + 7557 - 35202. What are the prime factors of w?
3, 7, 439
Let p(h) = 2*h**3 - 7*h**2 + 6*h - 5. Let b be p(4). Let m(f) = -7 - 3*f + b - 2*f + 23*f. What are the prime factors of m(6)?
2, 17
Let n(j) = j**2 - 8*j + 34. Let a be n(5). Suppose -a*d + 12*d + 3836 = 0. What are the prime factors of d?
2, 137
List the prime factors of (-9 - 133)*12/(192/(-1400)).
5, 7, 71
Suppose 0*v - 3*d = -3*v + 1191, 0 = -v + 2*d + 394. Let c = 561 + v. What are the prime factors of c?
31
Suppose -2 = 4*f - 6. Let a(d) = 4*d**3 - 2*d + 1. Let t be a(f). Suppose t*s - 4*o - 30 = 35, o + 40 = 2*s. What are the prime factors of s?
19
What are the prime factors of (-165)/((5000/712 - 7)/(2*-1))?
3, 5, 11, 89
Let a be ((-2)/(-1))/(4/(-24)). List the prime factors of (1064/a*1)/((-11)/66).
2, 7, 19
Let f = 53788 - 19668. List the prime factors of f.
2, 5, 853
Suppose 1510*o - 1515*o = 4*t - 212522, -4*o - 3*t = -170019. What are the prime factors of o?
2, 3, 5, 13, 109
Suppose -62*z + 33*z = -261029. What are the prime factors of z?
9001
Let t(q) be the third derivative of -q**6/30 - q**5/12 + 13*q**4/24 + 2*q**2. Let d(m) be the second derivative of t(m). List the prime factors of d(-2).
2, 19
Let n(o) = -685*o**3 - 68*o**2 - 230*o - 7. List the prime factors of n(-4).
3, 5, 41, 71
Suppose -3*w = -452 - 22. Suppose l = -3*d + 330, 0 = l + 2*d - 175 - w. List the prime factors of l.
3, 113
Suppose 2*r - 77 + 31 = 0. Let b = r + -11. Suppose 0 = b*l - 9*l - 441. List the prime factors of l.
3, 7
Let x(q) be the first derivative of q**3 + 6*q**2 - 112*q - 139. What are the prime factors of x(-16)?
2, 29
What are the prime factors of 730/(-219) - 49350/(-9)?
2, 5, 137
Suppose -g - 3*g = 24. Let b(w) = -w**2 - w + 7. Let r(q) = -q**2 + 1. Let l(n) = g*r(n) + 2*b(n). List the prime factors of l(6).
2, 5, 7
Let i = -1011 + 1530. Let w = -28 + i. List the prime factors of w.
491
Let g be (1 - -2)*1*(1 - -1). Let r be 1*(18/27 - (-608)/g). Suppose -j - r = -5*d, d + 1 - 10 = 4*j. What are the prime factors of d?
3, 7
Suppose 668*j = 678*j - 40493 - 96137. What are the prime factors of j?
13, 1051
Suppose 0 = -4*n + 9*n - 30. Suppose 32 = 2*i + n*i. What are the prime factors of i?
2
Let j(v) = -19*v**2 - 4*v + 6. Let m(i) = 10*i**2 + 2*i - 3. Let q(b) = -b - 9. Let h be q(-2). Let o(d) = h*m(d) - 4*j(d). What are the prime factors of o(6)?
3, 5
Let r(b) = -294*b + 8331. What are the prime factors of r(-61)?
3, 5, 17, 103
Let a(q) = q**2 + 4*q + 3. Let n be a(0). Let b = n - 3. Suppose -p = -b*p - 52. What are the prime factors of p?
2, 13
Let u(d) = 790*d + 2. Let h be u(-1). Let s = 236 - h. List the prime factors of s.
2
Suppose 30 = 5*f - 35. Suppose o = 5*w + f, w = -0*w - 2. Suppose -o*d + 318 = 2*r, -2*r - 5*d = -5*r + 439. List the prime factors of r.
3, 17
Let x(k) = k**2 + 13*k + 38. Let s(w) = w**3 + 7*w**2 + 7*w - 3. Let v be s(-6). Let y be x(v). List the prime factors of (-56)/(-6 + y) + (-2)/2.
13
Let k(z) = 6*z**3 - 14*z**2 + 15*z - 186. List the prime factors of k(14).
2, 859
Let h = -904 + 7941. List the prime factors of h.
31, 227
Suppose 14*p + 9495 = 2915. Let z = p + 662. List the prime factors of z.
2, 3
List the prime factors of ((-20)/6)/((-3401420)/212586 + 16).
5, 3221
Let d(i) = 6*i**3 - 4*i**2 + 30*i - 122. What are the prime factors of d(5)?
2, 3, 113
Let k(h) = h**3 - 22*h**2 + 26*h - 44. Let m be k(21). Let x = m + 297. List the prime factors of x.
2, 179
Suppose -5*t + 50837 = 11357. List the prime factors of t.
2, 3, 7, 47
Let o = 379 + -373. Let i(q) = 99*q + 24. What are the prime factors of i(o)?
2, 3, 103
Suppose -264*q = -259*q + 4840. Let v = q + 1386. List the prime factors of v.
2, 11, 19
Let p be 14/(-175) + 104/50. List the prime factors of (p/(-8))/((-39)/95784).
2, 307
Let g(i) = 2484*i + 15. Let u be g(3). Suppose 11*a + u = 30*a. What are the prime factors of a?
3, 131
Let d(l) = 2*l**3 + 6*l - 2. Let c = 110 + -106. Let w be d(c). Suppose w*q - 155*q + 355 = 0. What are the prime factors of q?
71
Let h(c) = -c**3 - 7*c**2 + 28*c + 32. Let x = -208 + 194. List the prime factors of h(x).
2, 11, 23
Suppose 5*u - 2*s - 119212 = 0, 19*u + 23864 = 20*u + 5*s. What are the prime factors of u?
2, 3, 1987
Let q = 44952 + -21690. What are the prime factors of q?
2, 3, 3877
Suppose -157*x + 2028990 = 78*x. What are the prime factors of x?
2, 3, 1439
Let l(a) be the third derivative of -19*a**4/12 + a**3/6 + 228